divided by 18.
8
What is the remainder when 9560393 is divided by 3186797?
2
Calculate the remainder when 3542317 is divided by 16.
13
Calculate the remainder when 5259591 is divided by 178.
47
Calculate the remainder when 657469 is divided by 298.
81
Calculate the remainder when 81097212 is divided by 200240.
12
Calculate the remainder when 39593 is divided by 188.
113
Calculate the remainder when 11989355 is divided by 2395.
2380
What is the remainder when 143533 is divided by 1612?
65
Calculate the remainder when 16239374 is divided by 13.
8
Calculate the remainder when 2287204 is divided by 607.
28
What is the remainder when 389027296 is divided by 1202?
1198
Calculate the remainder when 5975280 is divided by 1493820.
0
Calculate the remainder when 13061108 is divided by 1128.
1124
Calculate the remainder when 5527162 is divided by 124.
110
What is the remainder when 52189685 is divided by 907?
905
Calculate the remainder when 50616907 is divided by 491426.
29
What is the remainder when 300065 is divided by 288?
257
What is the remainder when 3875382 is divided by 788?
786
Calculate the remainder when 2523773 is divided by 126.
119
Calculate the remainder when 9069072 is divided by 24915.
12
What is the remainder when 288627 is divided by 12?
3
What is the remainder when 102556439 is divided by 25639107?
11
Calculate the remainder when 16624633 is divided by 915.
913
What is the remainder when 5561460 is divided by 292708?
8
Calculate the remainder when 103332 is divided by 840.
12
What is the remainder when 25218733 is divided by 18?
13
What is the remainder when 26757527 is divided by 17?
3
Calculate the remainder when 10793355 is divided by 2698333.
23
What is the remainder when 494117 is divided by 2602?
2339
What is the remainder when 4259795 is divided by 86933?
78
What is the remainder when 48649 is divided by 693?
139
Calculate the remainder when 3879729 is divided by 525.
504
What is the remainder when 368168 is divided by 1718?
516
What is the remainder when 91690 is divided by 9462?
6532
What is the remainder when 250378594 is divided by 52?
50
What is the remainder when 61229 is divided by 3804?
365
What is the remainder when 1785554 is divided by 127539?
8
What is the remainder when 242296894 is divided by 48459378?
4
What is the remainder when 475819 is divided by 2372?
1419
What is the remainder when 330786 is divided by 82652?
178
What is the remainder when 25675 is divided by 6042?
1507
Calculate the remainder when 104295 is divided by 3181.
2503
Calculate the remainder when 211963 is divided by 530.
493
What is the remainder when 122835129 is divided by 2703?
2700
What is the remainder when 2204076 is divided by 367346?
0
What is the remainder when 782379 is divided by 23009?
73
What is the remainder when 1644786 is divided by 822143?
500
What is the remainder when 117847 is divided by 11772?
127
What is the remainder when 175831966 is divided by 24821?
2
What is the remainder when 648999 is divided by 49?
43
What is the remainder when 5097484 is divided by 1592?
1492
What is the remainder when 1167133 is divided by 78?
19
What is the remainder when 2436266 is divided by 92?
14
What is the remainder when 202026 is divided by 5772?
6
Calculate the remainder when 6279733 is divided by 32.
21
Calculate the remainder when 7381932 is divided by 1845448.
140
What is the remainder when 23669197 is divided by 50?
47
What is the remainder when 2137549 is divided by 6577?
24
Calculate the remainder when 602344 is divided by 921.
10
What is the remainder when 157365 is divided by 77642?
2081
Calculate the remainder when 233073 is divided by 46541.
368
What is the remainder when 1103326 is divided by 84861?
133
Calculate the remainder when 500814 is divided by 7824.
78
Calculate the remainder when 38630 is divided by 320.
230
What is the remainder when 257376 is divided by 128594?
188
What is the remainder when 101678 is divided by 4612?
214
What is the remainder when 248612866 is divided by 756?
754
Calculate the remainder when 3874663 is divided by 94.
77
Calculate the remainder when 109861 is divided by 168.
157
What is the remainder when 2475651 is divided by 4189?
4141
Calculate the remainder when 3614592 is divided by 1095.
1092
Calculate the remainder when 5770802 is divided by 641195.
47
What is the remainder when 27096 is divided by 711?
78
What is the remainder when 251596 is divided by 352?
268
Calculate the remainder when 915736 is divided by 11167.
42
What is the remainder when 88212 is divided by 43354?
1504
What is the remainder when 1684943 is divided by 561607?
122
What is the remainder when 2367826 is divided by 591954?
10
Calculate the remainder when 216022719 is divided by 151.
5
Calculate the remainder when 21612954 is divided by 144.
138
What is the remainder when 1617074 is divided by 404266?
10
Calculate the remainder when 606461 is divided by 606081.
380
What is the remainder when 6645880 is divided by 154555?
15
What is the remainder when 630563 is divided by 52545?
23
Calculate the remainder when 39631805 is divided by 9907949.
9
Calculate the remainder when 275752 is divided by 39345.
337
Calculate the remainder when 181290 is divided by 22656.
42
What is the remainder when 141129 is divided by 2831?
2410
Calculate the remainder when 5674755 is divided by 945792.
3
Calculate the remainder when 711504 is divided by 3354.
456
What is the remainder when 11098519 is divided by 370?
369
What is the remainder when 1459603 is divided by 87?
4
What is the remainder when 5427343 is divided by 1932?
355
Calculate the remainder when 941507 is divided by 409.
398
What is the remainder when 3797759 is divided by 26012?
7
Calculate the remainder when 12318 is divided by 743.
430
What is the remainder when 6142403 is divided by 66765?
23
Calculate the remainder when 630860 is divided by 630200.
660
Calculate the remainder when 1086491 is divided by 45197.
1763
Calculate the remainder when 167196 is divided by 3711.
201
What is the remainder when 1520541 is divided by 677?
676
Calculate the remainder when 176772 is divided by 328.
308
What is the remainder when 50030 is divided by 2383?
2370
Calculate the remainder when 352072 is divided by 842.
116
Calculate the remainder when 123744 is divided by 277.
202
Calculate the remainder when 21788 is divided by 35.
18
What is the remainder when 30831607 is divided by 154158?
7
What is the remainder when 100972 is divided by 7210?
32
Calculate the remainder when 4860750 is divided by 40171.
59
Calculate the remainder when 4904468 is divided by 1266.
1250
Calculate the remainder when 887283 is divided by 467.
450
What is the remainder when 145287 is divided by 24203?
69
Calculate the remainder when 1821745 is divided by 4871.
4862
Calculate the remainder when 899762807 is divided by 61.
58
Calculate the remainder when 572007343 is divided by 17.
13
What is the remainder when 924382312 is divided by 179?
178
Calculate the remainder when 21825 is divided by 1456.
1441
What is the remainder when 35501527 is divided by 133968?
7
Calculate the remainder when 4054825 is divided by 94272.
1129
Calculate the remainder when 515826 is divided by 6505.
1931
What is the remainder when 6051401 is divided by 2017128?
17
Calculate the remainder when 1216975 is divided by 7801.
19
What is the remainder when 9960962 is divided by 859?
857
Calculate the remainder when 3096715 is divided by 5788.
135
What is the remainder when 148407 is divided by 144?
87
Calculate the remainder when 769427 is divided by 2961.
2528
What is the remainder when 18360 is divided by 1823?
130
Calculate the remainder when 663848 is divided by 331887.
74
What is the remainder when 198280 is divided by 2304?
136
What is the remainder when 12128 is divided by 201?
68
What is the remainder when 25567 is divided by 752?
751
Calculate the remainder when 99341 is divided by 31728.
4157
What is the remainder when 6430984 is divided by 13369?
495
What is the remainder when 1780887 is divided by 7243?
6352
Calculate the remainder when 5827 is divided by 2797.
233
Calculate the remainder when 7677 is divided by 960.
957
What is the remainder when 3603151 is divided by 151?
140
Calculate the remainder when 18351601 is divided b